 5*b**2 + 12*b - 3. Let d be 1 - -3*(-4)/(-6). Let v(u) = d*s(u) - 8*w(u). Is v(3) a prime number?
False
Suppose 2*n = 16*n - 5894. Let q = n + -159. Is q prime?
False
Let o = 1410 - -5669. Is o a prime number?
True
Let f(x) = x + 10209. Let w be f(0). Suppose -w = -5*g + 19646. Is g a composite number?
True
Suppose 11*c - 32299 - 81496 = 0. Is c prime?
False
Let s(h) = h**2 - 2*h - 1. Let z be 6/3 - 1 - 3. Let t be -3 + -1 + z + 4. Is s(t) a prime number?
True
Suppose -7*a + 8*a = 0. Suppose -j + u = 814, a = -j - 3*j - 2*u - 3286. Let o = -408 - j. Is o prime?
False
Let g be (16/(-12))/(-4)*(1 + 5). Suppose g*h + u = 1962, -u = -h + 5*h - 3926. Is h prime?
False
Let x = -49 - -45. Is 183 - 1/(x/(-8)) composite?
False
Suppose 3 = -4*w + 2*w + 5*k, 0 = -2*w - 5*k - 13. Is -5847*(w + 46/12)*2 a composite number?
False
Suppose 0 = -c - 2*j + 9861, -3*j - 19297 = -2*c + 453. Is c a composite number?
True
Is 69867/(-42)*(-2)/3 a prime number?
True
Let a be 9/(-15)*(-27 + 2). Suppose 5*s + a = 70. Let o(l) = 4*l + 3. Is o(s) prime?
True
Let d be ((-159)/(-2))/(1/10). Suppose 6*v - d = v. Suppose -3 = 3*r, -3*r = -2*l + v + 102. Is l a composite number?
True
Let b = -31829 - -88884. Is b prime?
False
Suppose -550 = 5*b - j, 2*b - 5*j + 243 = -0*b. Let p = b + 238. Is p a prime number?
False
Let c be (-2)/((0 + -2)/(-10)). Let p(l) = 5 - 8 + l + 6 + 10 + 11*l + 4*l**2. Is p(c) prime?
True
Let t(x) = 16*x**2 - 23*x + 119. Is t(6) prime?
True
Let a(l) = -56*l**3 + 6*l**2 + 10*l + 21. Is a(-6) prime?
False
Let z = 18 + -19. Let l be 6/(-9) + (-1240)/(-6). Is -1*(z - (2 + l)) a prime number?
False
Suppose 0 = -u + 88 - 14. Let x = u + -67. Is x a composite number?
False
Suppose -3*p = t - 23708, 14*t + 23706 = 3*p + 17*t. Is p a prime number?
False
Let o = -10133 - -18154. Is o a prime number?
False
Let j(o) = 638*o + 7. Let y = 38 - 29. Is j(y) prime?
True
Is 270536/14*(-3)/(-6) prime?
False
Suppose -21*g + 500315 = -16*g. Is g prime?
False
Let z(i) = -2*i - i**2 - 86*i**3 + 2*i**2 + 380*i**3 + 0*i. Is z(1) a prime number?
True
Let s be -6*-82*1/3. Suppose -f = -95 - s. Is f a composite number?
True
Suppose 0 = -x + j - 1, 3*x - 2*j - 4 = -2. Suppose 4*q - q - 879 = 2*m, 0 = -x*m. Is q a composite number?
False
Let n(p) = 40*p + 36. Let b be n(18). Let i = 1073 - b. Is i a prime number?
True
Let g(v) = -8 - 4 - 1 + 6*v + 29*v**2 + 21. Is g(-3) a composite number?
False
Suppose -y = -4 + 6. Let c = -2 - y. Suppose -3*x + 0*x + 105 = c. Is x composite?
True
Let k be 28*5/(5/4). Suppose 3*u + k = 7*u. Suppose 2*w = 210 - u. Is w prime?
False
Suppose 0*n = 5*m - 4*n - 69, -5*m + 61 = 4*n. Let b(u) = u + 7. Let w be b(-6). Let a = w + m. Is a a prime number?
False
Is 2434 + 6*(-3)/(-6) a prime number?
True
Let c(p) = -54*p - 15. Is c(-21) composite?
True
Let y(f) = -5*f**3 - 7*f**2 + 7*f - 24. Let n be y(-10). Is ((-72)/108)/(((-4)/n)/1) a prime number?
True
Let h be (-12)/(-18)*(-1 + -8). Let v be 4/h + (-12)/9. Is v/(-5) - 183/(-5) composite?
False
Suppose 0 = -8*h + 10*h - 6982. Is h composite?
False
Let o = 136 + -64. Suppose -69*l - 438 = -o*l. Is l prime?
False
Suppose 5*b = 2*b. Suppose m + a = 4, -5*a = -m - b*m - 8. Suppose -6*c = -m*c - 1524. Is c composite?
True
Suppose -4*y + y = -6. Is (1 + 52)*(-1 + y) a prime number?
True
Let y = 776 - -59. Suppose 0 = 2*z - 7*z + y. Let x = z - 100. Is x prime?
True
Let m(n) = -8*n**3 - 2*n**2 - 11*n - 12. Let x(w) = -7*w**3 - 3*w**2 - 10*w - 11. Let c(l) = 6*m(l) - 7*x(l). Suppose 0 = -2*u - 4 - 8. Is c(u) a prime number?
True
Let t(q) = -2*q**2 + 3*q - 20. Let u be t(14). Let c = 373 - u. Is c a composite number?
False
Let g(m) be the second derivative of 0 - 3/2*m**2 + m + 70/3*m**3. Is g(2) composite?
False
Let v = -1 - -3. Let c(d) = 19*d**2 - 3*d**v + 2 + 0*d**2 - 5. Is c(5) a prime number?
True
Let i = 28 - 23. Let r(h) = h**3 - 6*h**2 + 5*h + 4. Let q be r(i). Suppose 5*g - 1174 = -q*b - 0*b, -3*b + 4*g = -865. Is b prime?
False
Let b = -27 + 32. Suppose -4*g = u - 399, -b*g + 138 = 4*u - 1480. Is u a composite number?
True
Let k(s) = s**2 - 4*s - 6. Let i be k(5). Let v be i/2*(0 + 0). Is 3/(-3)*v - -37 a composite number?
False
Let q be 132/(-198)*(-1 - 0)*-3. Is -5 - (q + -3642 - -2) composite?
False
Let y be 0*((-2)/(-4) + -1). Let i be (-4 - 18)*5 + y. Is 12/(-3) + i/(-2) composite?
True
Suppose -7*c + 16023 + 5138 = 0. Is (-3 - c)*(-2)/4 a prime number?
False
Suppose 5*o - 4*o = 5*c - 1, -4*c = -4. Suppose -2*u = -o*j - 2, 5*u - 4*j + 5 - 16 = 0. Suppose -251 = -u*r - 2. Is r a prime number?
True
Let k = 12 + -10. Let a(n) = 2*n**3 + 10*n - 8. Let j be a(6). Suppose k*f = j + 778. Is f a composite number?
False
Suppose 0 = 3*o - 4204 - 8987. Is o prime?
True
Let d(j) = 33*j**2 - 2*j + 1. Let p(z) = -z + 5. Let s be p(3). Is d(s) prime?
False
Suppose l - 13 = w, 2*w = -0*w + 4*l - 28. Let m = w - -17. Suppose 303 = 3*x + 3*q, 0 = -q + 2*q + m. Is x a composite number?
True
Let n = -249 - -446. Let g = -48 + n. Is g a composite number?
False
Suppose 0 = -5*q + 18 - 3. Suppose -q*f + 1434 = -2*f. Suppose -4*x - f = -3*u, x = -2*u - 3*x + 956. Is u a composite number?
True
Let z(o) = 2*o**2 + 47*o + 7711. Is z(0) a prime number?
False
Suppose 2*a + 3*m = -2*a + 26, m + 42 = 5*a. Is (-4148)/a*(-8)/4 a composite number?
True
Let h be (-2)/(-2 + 1) + -742. Let u = h - -1113. Is u a prime number?
True
Let k = 1705 - 900. Suppose -k - 1305 = -5*f. Is f a prime number?
False
Is (-1)/6 + -6 + 27885/18 prime?
True
Suppose -5*w + 29 = 4. Suppose 0 = 4*p - 4*d - 20, -2*d = -w*d - 15. Suppose -s - 1 + 24 = p. Is s a prime number?
True
Suppose -4*n + 4368 = -k, n - 4*k + 0*k - 1092 = 0. Let a = n - 231. Is a/(-6)*(-2 + 0) a composite number?
True
Let l(v) = -45*v + 1. Let d(s) = 3*s**2 - 21*s + 4. Let n be d(7). Suppose -b = n*z + 20, -3*b = -2*z + 4*z + 10. Is l(z) a composite number?
True
Let b be (-7)/((-35)/(-2))*-10. Let q be 12/5 - b/10. Let s = q - -63. Is s prime?
False
Suppose 2*z - 10980 = -2*z. Let q = 950 + z. Is q composite?
True
Let x = 76 + 381. Is x a composite number?
False
Suppose 33*j - 829992 = 9*j. Is j a composite number?
False
Suppose -6*v - 10 = -3*g - 2*v, 4*v - 2 = -3*g. Let u be ((-6)/10)/((-26)/10530). Suppose -u - 427 = -g*f. Is f a composite number?
True
Suppose 340*g - 5468 = 336*g. Is g a composite number?
False
Let h(q) = 765*q**3 + q**2 + 3*q + 8. Is h(3) prime?
True
Suppose -t - 2684 = -12*t. Let q = t - -489. Is q a prime number?
True
Let a = -61169 + 201928. Is a a prime number?
True
Let p(v) = -535*v**2 - 2*v + 3. Let f be p(1). Is f/(-4)*(-2 + 0 + 4) composite?
True
Let t(w) = 376*w**2 + 9*w + 1. Is t(-4) composite?
False
Suppose -3*h = -3*w - 79724 - 414244, 4*w = 3*h - 493965. Is h a prime number?
False
Let q(l) be the first derivative of 17*l**2/2 + 10*l + 1. Is q(9) composite?
False
Suppose 0 = -5*i + 3*i - 28. Let v(m) = -11*m - 21. Is v(i) prime?
False
Let j(o) be the first derivative of -o**4/2 + o**2/2 - 2*o - 2. Let q be j(-3). Suppose -b + k + 3 = -51, -b = -2*k - q. Is b composite?
False
Suppose -42*t = -38*t - 38084. Is t composite?
False
Let b(w) = -w - 4. Let m be b(4). Let d(i) = -3*i**2 - 10*i + 6. Let v be d(m). Is -2*(-1)/(-4)*v composite?
False
Suppose 3*a = -5*j + 55535, 2*j - 20765 = 4*a + 1423. Suppose 0*z - 4*z + j = 0. Let g = z - 1955. Is g composite?
False
Suppose 0*b = -5*a + 4*b + 26, 2*a + 8 = -3*b. Suppose -744 = -a*z - 2*z. Is z/4 + (-5)/10 composite?
True
Let z(x) = 20*x**2 - 2. Let j be z(-2). Let u = j - 120. Let y = u + 61. Is y composite?
False
Suppose -26*a + 3533 = 647. Is a a prime number?
False
Let a be 24/60 - 36/(-10). Suppose -a*l - 4 = -16. Suppose 2*g + 358 = l*n - 540, 5*n + 3*g = 1522. Is n prime?
False
Let m be ((-3)/2)/((-2)/4). Suppose -s = m*s - 1540. Suppose 3*b - s = 377. Is b a prime number?
False
Suppose -2*k - 4 = -2*s, -3*s = k - 0*k - 2. Is (-1 + -1 + s)/(-1) - -556 a composite number?
False
Let v(k) = 9*k**2 - 2*k - 6. Let c be v(4). Suppose -5*a + y = 639, a = -y - y - c. Is (a + (3 - 2))*-1 a composite number?
False
Let k(j) = 2*j**2 - 6*j - 11. Let i be ((-9)/(-2))/((-18)/24). Is k(i) a composite number?
False
Let z = -8276 + 15081. Is z prime?
False
Let v = -51923 - -121730. Is v composite?
True
Let c be (